visor of 50 and 230?
10
What is the highest common divisor of 136 and 340?
68
Calculate the highest common factor of 20 and 1196.
4
Calculate the highest common factor of 1199 and 1417.
109
What is the highest common factor of 120 and 920?
40
What is the highest common divisor of 784 and 176?
16
What is the greatest common divisor of 20 and 12?
4
Calculate the greatest common factor of 184 and 69.
23
Calculate the greatest common factor of 32 and 1552.
16
What is the greatest common factor of 448 and 14?
14
Calculate the greatest common divisor of 1196 and 793.
13
Calculate the highest common factor of 297 and 22.
11
What is the highest common divisor of 65 and 16705?
65
Calculate the highest common divisor of 18 and 14769.
9
What is the greatest common factor of 174 and 435?
87
What is the highest common divisor of 39 and 30?
3
Calculate the highest common divisor of 150 and 3975.
75
What is the greatest common divisor of 545 and 1417?
109
Calculate the greatest common factor of 1956 and 24.
12
What is the greatest common divisor of 195 and 1065?
15
What is the highest common divisor of 271 and 82655?
271
What is the highest common divisor of 1769 and 183?
61
What is the greatest common divisor of 18 and 117?
9
What is the greatest common divisor of 3285 and 30?
15
Calculate the greatest common divisor of 164 and 19106.
82
What is the highest common divisor of 9 and 8?
1
Calculate the highest common factor of 6 and 1194.
6
Calculate the greatest common factor of 48 and 102.
6
What is the greatest common factor of 7409 and 31?
31
What is the greatest common divisor of 108 and 288?
36
Calculate the highest common divisor of 1 and 3.
1
What is the highest common divisor of 10 and 160?
10
Calculate the greatest common divisor of 130 and 7696.
26
What is the highest common divisor of 13 and 32019?
13
What is the greatest common divisor of 267 and 18245?
89
What is the greatest common divisor of 4 and 4044?
4
What is the highest common factor of 33 and 1331?
11
Calculate the greatest common divisor of 26 and 1274.
26
What is the greatest common factor of 885 and 315?
15
Calculate the greatest common divisor of 125 and 300.
25
Calculate the greatest common factor of 27208 and 152.
152
Calculate the greatest common factor of 22 and 3058.
22
Calculate the greatest common factor of 64 and 6976.
64
What is the highest common factor of 200 and 9850?
50
Calculate the greatest common divisor of 507 and 3.
3
Calculate the highest common factor of 2178 and 9.
9
Calculate the highest common factor of 1225 and 25.
25
What is the greatest common divisor of 328 and 1107?
41
Calculate the highest common divisor of 675 and 81.
27
What is the greatest common divisor of 416 and 156?
52
What is the highest common factor of 34 and 391?
17
Calculate the greatest common factor of 1026 and 3429.
27
What is the greatest common factor of 19 and 323?
19
Calculate the greatest common factor of 63 and 3474.
9
Calculate the greatest common factor of 183 and 22692.
183
Calculate the greatest common divisor of 288 and 207.
9
Calculate the highest common factor of 26788 and 148.
148
Calculate the greatest common divisor of 3 and 2.
1
What is the greatest common divisor of 54 and 24?
6
What is the greatest common divisor of 10494 and 159?
159
What is the highest common factor of 582 and 30?
6
What is the greatest common divisor of 3073 and 7?
7
What is the greatest common factor of 63206 and 17?
17
Calculate the greatest common divisor of 8 and 32.
8
What is the highest common factor of 940 and 100?
20
What is the greatest common divisor of 23970 and 204?
102
What is the greatest common factor of 1177 and 1391?
107
What is the greatest common factor of 69 and 21?
3
What is the highest common factor of 268 and 201?
67
What is the highest common divisor of 228 and 1752?
12
What is the highest common divisor of 91 and 78?
13
What is the highest common factor of 384 and 12?
12
What is the highest common divisor of 10 and 7430?
10
What is the greatest common factor of 13 and 312?
13
Calculate the greatest common factor of 11 and 583.
11
Calculate the greatest common divisor of 14 and 980.
14
What is the greatest common factor of 360 and 10656?
72
What is the highest common factor of 191 and 62648?
191
What is the highest common factor of 59 and 1357?
59
Calculate the greatest common divisor of 46 and 897.
23
Calculate the greatest common divisor of 10 and 94.
2
Calculate the greatest common divisor of 218 and 1.
1
Calculate the highest common factor of 13 and 208.
13
What is the highest common factor of 154 and 264?
22
Calculate the greatest common divisor of 1302 and 5425.
217
What is the greatest common divisor of 96 and 224?
32
What is the greatest common factor of 2512 and 64?
16
Calculate the highest common factor of 81 and 108.
27
What is the highest common factor of 1221 and 17501?
407
What is the highest common factor of 117 and 6?
3
What is the highest common divisor of 179 and 2864?
179
What is the highest common factor of 72 and 1224?
72
What is the highest common divisor of 44 and 187?
11
Calculate the greatest common divisor of 15563 and 79.
79
What is the greatest common divisor of 759 and 66?
33
Calculate the highest common divisor of 608 and 8664.
152
Calculate the highest common divisor of 2891 and 118.
59
What is the highest common divisor of 392 and 3871?
49
What is the greatest common divisor of 200 and 440?
40
Calculate the greatest common factor of 117 and 7254.
117
Calculate the greatest common factor of 348 and 12.
12
Calculate the greatest common factor of 18 and 2196.
18
What is the greatest common factor of 245 and 196?
49
Calculate the greatest common factor of 42 and 2408.
14
What is the greatest common factor of 53 and 371?
53
What is the highest common factor of 43307 and 11?
11
Calculate the highest common divisor of 89 and 31951.
89
What is the highest common factor of 18 and 315?
9
Calculate the greatest common divisor of 279 and 341.
31
What is the greatest common factor of 13 and 2080?
13
Calculate the highest common divisor of 1275 and 150.
75
What is the greatest common factor of 32 and 52?
4
Calculate the highest common factor of 160 and 18080.
160
Calculate the greatest common factor of 44 and 704.
44
Calculate the greatest common divisor of 100 and 1150.
50
Calculate the highest common factor of 528 and 32.
16
Calculate the highest common divisor of 70 and 630.
70
Calculate the highest common factor of 154 and 28.
14
Calculate the greatest common factor of 6444 and 48.
12
What is the highest common factor of 8730 and 40?
10
What is the highest common divisor of 208 and 176?
16
Calculate the highest common factor of 534 and 1246.
178
What is the greatest common factor of 110 and 3465?
55
Calculate the greatest common divisor of 104 and 10.
2
Calculate the highest common divisor of 60 and 140.
20
What is the highest common divisor of 28 and 3143?
7
What is the greatest common factor of 1079 and 332?
83
Calculate the highest common factor of 30 and 366.
6
Calculate the greatest common factor of 5513 and 1639.
149
What is the highest common divisor of 376 and 10152?
376
What is the greatest common factor of 180 and 300?
60
What is the highest common divisor of 40 and 7720?
40
Calculate the greatest common factor of 8 and 152.
8
Calculate the highest common divisor of 2628 and 72.
36
Calculate the highest common divisor of 2289 and 105.
21
Calculate the highest common factor of 196 and 147.
49
Calculate the highest common divisor of 13 and 325.
13
Calculate the greatest common factor of 58 and 174.
58
What is the highest common divisor of 4434 and 6?
6
What is the highest common factor of 20 and 190?
10
Calculate the greatest common factor of 325 and 351.
13
What is the highest common factor of 231 and 33?
33
What is the highest common factor of 1274 and 182?
182
Calculate the highest common divisor of 3322 and 154.
22
What is the greatest common divisor of 83738 and 298?
298
What is the highest common divisor of 36 and 9648?
36
Calculate the greatest common factor of 260 and 585.
65
Calculate the greatest common factor of 26 and 37232.
26
What is the greatest common divisor of 205 and 3977?
41
What is the greatest common factor of 1628 and 148?